er?
False
Is 387387163 prime?
False
Is 889025611 a composite number?
False
Is 120759628817 composite?
False
Is 7670968691 prime?
False
Is 509023579 prime?
True
Is 121566733 a composite number?
False
Is 878957567 a prime number?
False
Is 54851004181 composite?
False
Is 533693981 prime?
False
Is 8326732123 composite?
False
Is 814312669 composite?
True
Is 136167688907 prime?
False
Is 1635800857 a prime number?
True
Is 171346451 a prime number?
False
Is 3140749121 a composite number?
False
Is 8666241833 a prime number?
False
Is 239102313511 a prime number?
True
Is 96843575489 composite?
False
Is 2841840031 a composite number?
False
Is 3249231127 a prime number?
True
Is 283460339 prime?
True
Is 1435977181 a composite number?
False
Is 125426111159 composite?
True
Is 1060049546 a composite number?
True
Is 12424937351 composite?
False
Is 265975454 a composite number?
True
Is 31514711 composite?
True
Is 68253132869 a prime number?
False
Is 18552922214 a prime number?
False
Is 437818181 prime?
True
Is 2230063606 prime?
False
Is 222138251 a composite number?
False
Is 444462572747 a prime number?
True
Is 4130386367 a prime number?
False
Is 1508088397 composite?
False
Is 3559439453 a composite number?
False
Is 9523897 a prime number?
True
Is 18705162605 a composite number?
True
Is 28025686327 a composite number?
True
Is 652727261 prime?
True
Is 950934431 prime?
True
Is 5571989909 a composite number?
False
Is 71794153231 composite?
True
Is 2360213131 prime?
False
Is 9077457653 a composite number?
True
Is 2186657647 a prime number?
True
Is 1113901147 composite?
True
Is 5055835429 prime?
False
Is 9446971799 a composite number?
False
Is 3475217035 composite?
True
Is 5694901087 composite?
True
Is 693753857 prime?
False
Is 103875582241 composite?
True
Is 7390345463 a prime number?
True
Is 18375360089 a prime number?
True
Is 6435428617 a composite number?
False
Is 9030637051 prime?
False
Is 4801647737 a prime number?
False
Is 7251330617 composite?
False
Is 533524939 a composite number?
False
Is 2272412629 a prime number?
True
Is 597690763 composite?
False
Is 44793439 composite?
True
Is 3227977063 a composite number?
False
Is 6114608371 prime?
True
Is 9901120571 composite?
True
Is 169656674699 composite?
False
Is 5066473849 a composite number?
True
Is 100285860721 composite?
False
Is 19942567 a prime number?
True
Is 963759233 a prime number?
False
Is 161416903 composite?
True
Is 1398666631 prime?
False
Is 2459854235 a composite number?
True
Is 894990251 a prime number?
False
Is 11546898161 prime?
True
Is 66763561927 composite?
False
Is 7103103419 prime?
True
Is 403446739 prime?
True
Is 57304513559 a composite number?
False
Is 100285612711 composite?
True
Is 17958841619 a prime number?
True
Is 13735352879 composite?
False
Is 1748855751 a prime number?
False
Is 10374297601 prime?
True
Is 3268811171 prime?
False
Is 163403719 a prime number?
False
Is 441507631 composite?
False
Is 1455588011 a composite number?
True
Is 1773721559 a composite number?
True
Is 623499407 composite?
False
Is 68495897341 a prime number?
False
Is 9007620827 a composite number?
True
Is 6059389003 composite?
False
Is 7848552259 a prime number?
True
Is 32607631501 prime?
True
Is 1750417397 a composite number?
False
Is 7383459959 composite?
False
Is 10886953879 a composite number?
True
Is 74847399547 a prime number?
True
Is 17876014901 composite?
False
Is 210173137 prime?
True
Is 20365762441 a composite number?
False
Is 13064583893 a prime number?
True
Is 90354379 composite?
False
Is 17967384931 prime?
False
Is 102417509 a composite number?
False
Is 21002024831 prime?
True
Is 1199342993 a composite number?
False
Is 35664786029 composite?
True
Is 7993719059 a prime number?
True
Is 24253401983 a composite number?
True
Is 440020729 composite?
False
Is 86783080771 a composite number?
True
Is 396976397 composite?
True
Is 3474253513 a prime number?
False
Is 66238962151 composite?
True
Is 27261010267 composite?
False
Is 145620349 prime?
False
Is 2880681787 prime?
False
Is 2047533361 a composite number?
False
Is 26219592947 a prime number?
False
Is 28433644901 prime?
True
Is 6390897121 a composite number?
True
Is 2757643463 composite?
False
Is 82651520417 prime?
True
Is 49321094003 a composite number?
False
Is 144193487 a composite number?
False
Is 6916283069 prime?
True
Is 94845523321 a prime number?
True
Is 1067816999 a prime number?
True
Is 17564145587 composite?
False
Is 6953798549 prime?
True
Is 5635295213 composite?
True
Is 14774875411 composite?
False
Is 2727281339 prime?
False
Is 20469570757 a composite number?
True
Is 12630117778 a prime number?
False
Is 587322419 a prime number?
False
Is 370452211 a prime number?
True
Is 10576408679 a composite number?
True
Is 6182374589 prime?
True
Is 1320244309 composite?
True
Is 2770232901 prime?
False
Is 313525439 prime?
True
Is 70031827 a composite number?
False
Is 759434947 composite?
True
Is 339956393 composite?
True
Is 12005316857 a composite number?
False
Is 762941737 composite?
True
Is 1257565717 composite?
False
Is 390308601 a prime number?
False
Is 30002521079 prime?
False
Is 6584065259 a prime number?
True
Is 74237386079 composite?
True
Is 37723720285 prime?
False
Is 2614451563 prime?
False
Is 20199637729 composite?
False
Is 16771497541 prime?
True
Is 13831215829 prime?
True
Is 59361443719 a prime number?
True
Is 1448163889 composite?
False
Is 4496164537 composite?
False
Is 886287893 a prime number?
True
Is 727604467 a composite number?
True
Is 159719699 a composite number?
False
Is 275695098911 prime?
False
Is 1194103111 a prime number?
True
Is 5423500945 a composite number?
True
Is 7730720431 a composite number?
True
Is 174846863 prime?
True
Is 89549643661 prime?
True
Is 67484704201 composite?
False
Is 26936065999 a prime number?
False
Is 124038991 composite?
True
Is 10362328487 composite?
True
Is 10412747879 prime?
True
Is 5033940137 composite?
True
Is 764969239 a prime number?
True
Is 174691093 a composite number?
True
Is 265014599 a prime number?
True
Is 1213473241 a composite number?
False
Is 13795749343 prime?
False
Is 1607914331 a prime number?
False
Is 1595033009 composite?
True
Is 43193822353 a composite number?
True
Is 6760732559 a composite number?
True
Is 4537175897 composite?
False
Is 34915260983 a prime number?
True
Is 24139200191 a composite number?
False
Is 719738665 a prime number?
False
Is 1781035801 a composite number?
True
Is 15506402755 prime?
False
Is 17532077263 a prime number?
False
Is 46233527435 prime?
False
Is 829856623 prime?
True
Is 7412725381 a composite number?
False
Is 9874324003 prime?
True
Is 1419912077 composite?
False
Is 8827007359 prime?
False
Is 2210415199 a prime number?
False
Is 22642085143 a composite number?
False
Is 204840828497 a composite number?
False
Is 908119831 a composite number?
True
Is 188897647 a composite number?
True
Is 201025538069 a composite number?
True
Is 17025026287 prime?
False
Is 529580306 a prime number?
False
Is 109186895453 prime?
False
Is 10058750545 prime?
False
Is 383247281 composite?
False
Is 24050020801 a prime number?
True
Is 63975341 a composite number?
False
Is 308434770473 a composite number?
False
Is 11877616123 a prime number?
True
Is 18668510005 a composite number?
True
Is 95020126 composite?
True
Is 34465717303 composite?
True
Is 38098396783 a composite number?
False
Is 1010960771 a composite number?
False
Is 60410267 a prime number?
True
Is 4862034433 composite?
False
Is 15035053303 a prime number?
False
Is 464202361 prime?
False
Is 6337078619 prime?
True
Is 405612371 prime?
True
Is 1626363943 composite?
True
Is 1653235631 composite?
False
Is 51349763623 a prime number?
True
Is 1338895281 composite?
True
Is 9250108066 a composite number?
True
Is 811895867 a prime number?
True
Is 27886676557 a composite number?
True
Is 101859331 prime?
False
Is 622485211 composite?
False
Is 20860126421 prime?
True
Is 9099263261 a composite number?
True
Is 59229431 composite?
False
Is 8352636079 a composite number?
True
Is 38635210891 a composite number?
False
Is 11615399569 composite?
False
Is 2589208283 composite?
True
Is 4084702429 a composite number?
False
Is 163005767 a prime number?
True
Is 3580026739 a composite number?
False
Is 1279522759 prime?
True
Is 379967389 a prime num